 base 2, what is -101001000100010 - -11110000?
-101000100110010
In base 16, what is 2 + 9b85?
9b87
In base 2, what is 1001111011101111 - 1001?
1001111011100110
In base 7, what is -2 - -243262?
243260
In base 16, what is -1d + 48?
2b
In base 8, what is 6 + -253637?
-253631
In base 7, what is 264 + 340?
634
In base 9, what is -30 - -6630?
6600
In base 16, what is 39 + 8ad?
8e6
In base 4, what is -110 - 100332202?
-100332312
In base 4, what is -2 + 303230120?
303230112
In base 4, what is 133011220 + 10?
133011230
In base 2, what is 1000 - 110010111010011001?
-110010111010010001
In base 5, what is 111431 + -14?
111412
In base 5, what is -3420 - -1200?
-2220
In base 11, what is 2 - 11998?
-11996
In base 7, what is -3 - 61662?
-61665
In base 9, what is -33211 - 1?
-33212
In base 11, what is -4a3281 - 2?
-4a3283
In base 14, what is -32 + -6964?
-6996
In base 9, what is 30778 + 0?
30778
In base 6, what is -2 + 1034143?
1034141
In base 4, what is 1 + -10223233?
-10223232
In base 9, what is 340640 - 1?
340638
In base 9, what is -11 - 242442?
-242453
In base 10, what is 5 - -73148?
73153
In base 7, what is 616 - 14312?
-13363
In base 16, what is -105 - -284a?
2745
In base 14, what is -7b5 - 3?
-7b8
In base 11, what is 2535 - -350?
2885
In base 7, what is -554051 + 3?
-554045
In base 10, what is -11 + 203106?
203095
In base 9, what is -2617 - -318?
-2288
In base 7, what is 4 - 1344461?
-1344454
In base 5, what is -13313400 + 10?
-13313340
In base 4, what is -203 + 211223?
211020
In base 6, what is 133244 + -2?
133242
In base 9, what is 0 + 123018?
123018
In base 7, what is -1032 - 532?
-1564
In base 12, what is -4 - -15a21?
15a19
In base 10, what is -506 + 4442?
3936
In base 13, what is 1879 - -ba?
1966
In base 5, what is -112 - -333303?
333141
In base 7, what is 10030 - -365?
10425
In base 15, what is 2 - 1a055?
-1a053
In base 10, what is 222 + 739?
961
In base 8, what is 317137 - 1?
317136
In base 5, what is 10 - 313012?
-313002
In base 12, what is -12 - -5653b?
56529
In base 4, what is 112333333 + -1020?
112332313
In base 7, what is -1060161 + -1?
-1060162
In base 7, what is 1414 - -1103?
2520
In base 8, what is -1 + -636052?
-636053
In base 11, what is -1415 + -17?
-1431
In base 3, what is 100211111210 + 12?
100211111222
In base 7, what is -43 + 341030?
340654
In base 6, what is 15121 + 5?
15130
In base 9, what is -8 - 633861?
-633870
In base 3, what is 0 - 2101022222?
-2101022222
In base 12, what is -10 - 2b136?
-2b146
In base 15, what is -86cc6 + -4?
-86cca
In base 2, what is -1100 + -10000111000011?
-10000111001111
In base 4, what is -311203 - -112?
-311031
In base 8, what is -346 + 303?
-43
In base 16, what is -1a0dd - -1?
-1a0dc
In base 3, what is 20 - -22100112021?
22100112111
In base 2, what is 110111 + 10000?
1000111
In base 12, what is 31 - -2009?
203a
In base 9, what is 35308 - -7?
35316
In base 13, what is -4 - 467?
-46b
In base 16, what is -2b + -4b3?
-4de
In base 11, what is 6055 + 29?
6083
In base 11, what is -a3503 - 2?
-a3505
In base 12, what is -11 + -3885?
-3896
In base 16, what is -11687 + 5?
-11682
In base 6, what is -23132 + -5?
-23141
In base 2, what is -1000001001 + 11100111?
-100100010
In base 14, what is ca658 + 0?
ca658
In base 2, what is 1101 + 110110100011110111?
110110100100000100
In base 16, what is 2 + -14363?
-14361
In base 6, what is -1215 + -32120?
-33335
In base 6, what is -31233 + 41?
-31152
In base 9, what is 263157 - 5?
263152
In base 9, what is -4 + -57584?
-57588
In base 13, what is -14 - -7b78?
7b64
In base 10, what is 8 + 7158?
7166
In base 15, what is 2548a - 8?
25482
In base 7, what is -1242 - 4055?
-5330
In base 5, what is -4 + -440324?
-440333
In base 5, what is -404 - -13204?
12300
In base 12, what is -29301 - 6?
-29307
In base 11, what is 367a37 - 0?
367a37
In base 5, what is 2123 - -4132?
11310
In base 3, what is 1102120 - 10002?
1022111
In base 6, what is -5 + 12320153?
12320144
In base 10, what is -98973 - -2?
-98971
In base 9, what is 3053 - -240?
3303
In base 6, what is 530 + 3124?
4054
In base 8, what is -4 + -24111?
-24115
In base 2, what is -1001 + 110110001011101000?
110110001011011111
In base 2, what is 1011010 + -1011100111110111?
-1011100110011101
In base 12, what is 20196 + 1?
20197
In base 2, what is -101010101000 - 10101011?
-101101010011
In base 14, what is -b37 - -680?
-497
In base 10, what is 74575 - 2?
74573
In base 16, what is 13da5 - 58?
13d4d
In base 16, what is 2ad - -f?
2bc
In base 5, what is 10 - -2020431?
2020441
In base 13, what is 4 + -2090?
-2089
In base 15, what is 19 - 8a5?
-88b
In base 10, what is -2 + 10646?
10644
In base 13, what is 181 + 2451?
2602
In base 11, what is -51007 + 7?
-51000
In base 7, what is 5 - 2644113?
-2644105
In base 4, what is -2233 - -130?
-2103
In base 12, what is -114 - 6067?
-617b
In base 14, what is 6 - 160cd?
-160c7
In base 13, what is 140c - 80?
135c
In base 6, what is -345 - 2244?
-3033
In base 14, what is 8a + -d0d?
-c63
In base 9, what is 8571 + -2?
8568
In base 5, what is 0 + -34031323?
-34031323
In base 2, what is -10001111 + 111001011010?
110111001011
In base 13, what is 0 + 145050?
145050
In base 14, what is -b - -11da?
11cd
In base 4, what is -1023110321 + -1?
-1023110322
In base 9, what is -478604 + 3?
-478601
In base 16, what is 3ed3 - -90?
3f63
In base 11, what is -5310 + 4?
-5307
In base 13, what is -1 + 70a69?
70a68
In base 2, what is 11010100111110 + 1?
11010100111111
In base 7, what is -125 + 11201?
11043
In base 2, what is -101 + 1111000110001?
1111000101100
In base 7, what is 50303 - -2?
50305
In base 2, what is 1010101000111011 - 1001011?
1010100111110000
In base 16, what is -3fe50 + -4?
-3fe54
In base 8, what is -31362 - -6?
-31354
In base 5, what is -232 + -2043?
-2330
In base 15, what is -15b3 - e?
-15c2
In base 9, what is -3 - 10423?
-10426
In base 8, what is 2 + -25462?
-25460
In base 13, what is -c13 + -7c?
-c92
In base 12, what is 0 + -b9719?
-b9719
In base 11, what is -405822 - -3?
-40581a
In base 12, what is 23120 - -2?
23122
In base 13, what is -20811 + -2?
-20813
In base 3, what is 100010101202 - 1?
100010101201
In base 4, what is 102101001310 - 1?
102101001303
In base 6, what is -12333 + 40?
-12253
In base 5, what is -211 + 234?
23
In base 10, what is 140839 - 22?
140817
In base 16, what is 21 - -43b5?
43d6
In base 10, what is 4 + 600460?
600464
In base 13, what is -2 - -6461?
645c
In base 10, what is 61997 + -3?
61994
In base 2, what is 110110 - 1100010?
-101100
In base 3, what is 2221020 - -1102?
2222122
In base 5, what is 3120 + -1222?
1343
In base 12, what is 34 + -16a0?
-1668
In base 6, what is -2 + 1041455?
1041453
In base 13, what is c8 - -bb?
1b6
In base 12, what is -22 - a25?
-a47
In base 7, what is -5 - 13423?
-13431
In base 2, what is -1101 - -11000001111110101?
11000001111101000
In base 5, what is 4 - -101321404?
101321413
In base 3, what is -101202 - 1022220?
-1201122
In base 8, what is -317225 + -3?
-317230
In base 6, what is -1 + 1000153?
1000152
In base 11, what is -3a - -559?
51a
In base 2, what is -101 + -1100100110001100?
-1100100110010001
In base 2, what is 110100 - 11101000101?
-11100010001
In base 6, what is 141 + -32302?
-32121
In base 12, what is 601b4 + -5?
601ab
In base 16, what is -2 - -13185?
13183
In base 9, what is 287 - 4457?
-4160
In base 12, what is 25b767 - 4?
25b763
In base 13, what is 6 + -a173?
-a16a
In base 11, what is -53 + 26979?
26926
In base 7, what is 2 + 55021?
55023
In base 15, what is -87b - 5?
-881
In base 7, what is 526 + -56?
440
In base 12, what is -56 + -9a41?
-9a97
In base 2, what is -10000 + -1010101111010?
-1010110001010
In base 3, what is 1110110 + -221012?
112021
In base 9, what is -14830440 - 1?
-14830441
In base 5, what is -121432 + 41?
-121341
In base 2, what is 110011 + 1110101?
10101000
In base 8, what is -154554 + 3?
-154551
In base 7, what is 62 + -2505?
-2413
In base 2, what is -110101000111010 + -1101?
-110101001000111
In base 6, what is -5 - -45254?
45245
In base 2, what is -10111 - 1011010000111101?
-1011010001010100
In base 8, what is -6 - -462462?
462454
In base 11, what is 892558 - -6?
892563
In base 2, what is -10001 - 1101111101101100?
-1101111101111101
In base 12, what is -718 - 73?
-78b
In base 15, what is -164 + -3?
-167
In base 15, wha